f. What are the prime factors of f?
2, 283
Suppose 2054920 + 3452062 = 299*y. List the prime factors of y.
2, 9209
List the prime factors of -6*12/9 + 6727.
6719
Let s(j) = j**2 - 24*j + 29. What are the prime factors of s(-16)?
3, 223
List the prime factors of -1 - 1 - -5794 - -6.
2, 13, 223
Suppose 10 - 6 = 4*v. Let d = 22 + v. Suppose -7*t - 432 = -d*t. What are the prime factors of t?
3
Let f = -11460 + 13880. List the prime factors of f.
2, 5, 11
Let z(n) = 20*n**2 + 2*n + 3. Let m be z(2). Let v = 44 + m. List the prime factors of v.
131
Let k be 6 + 5/(35/(-2)) + 23/7. Let i = -21 + 38. Let d = i + k. List the prime factors of d.
2, 13
Let v = 157278 + -108427. List the prime factors of v.
11, 4441
Let z(m) be the third derivative of -1/3*m**3 + 0 + 0*m + 1/30*m**5 - 3/8*m**4 - 16*m**2. What are the prime factors of z(7)?
3, 11
Let n(f) = f**2 - 2*f - 30. Let x be n(7). Suppose 0 = -x*r + 9*r + 4. What are the prime factors of (-1 + r - 44/(-10))*5?
2, 3
Let p = 1 - -12. Let o(r) = -r**3 - 117*r**2 + 46*r + 68. Let g(n) = 29*n**2 - 11*n - 17. Let j(t) = 9*g(t) + 2*o(t). List the prime factors of j(p).
61
Suppose 3168 = 4*x + 2*r - 1550, -2*x + r = -2361. Suppose w = -b - b + x, -w - b = -1179. What are the prime factors of w?
2, 19, 31
Suppose 10*b + 91 = 23*b. Suppose 0 = -b*j + 37*j - 10950. List the prime factors of j.
5, 73
Let y be -1*6/(-4) - 18158/(-28). Suppose -367*u = -366*u - y. List the prime factors of u.
2, 5, 13
List the prime factors of 944*-2*(-6)/((-108)/(-279)).
2, 31, 59
Let m(j) be the second derivative of -5/2*j**3 - 20*j**2 + 0 - 10*j + 1/20*j**5 - 5/3*j**4. List the prime factors of m(21).
2, 43
Let i(k) = 3*k**2 + 5*k - 3. Suppose 0 = 18*x - 15*x - 21. Suppose 0 = -3*o - 19 + x. What are the prime factors of i(o)?
5
Let j(i) = -7*i - 128*i**2 + 24 - 6*i + 129*i**2. Let q be j(12). Suppose -18*p + 246 = -q*p. What are the prime factors of p?
41
Suppose -660756 = -17*c - 51*c. What are the prime factors of c?
3, 41, 79
Let s(a) = 22*a**2 + 19*a + 75. Let d be s(-4). Suppose 0 = 349*q - d*q + 66. List the prime factors of q.
3, 11
Let c = 3079 - -137. Suppose c = 8*k + 192. What are the prime factors of k?
2, 3, 7
Let s = 1427 - 746. List the prime factors of s.
3, 227
Let q(t) = -28*t - 317. Let u be q(-11). Let v(i) = -138*i - 185. What are the prime factors of v(u)?
7, 151
Let x(y) be the third derivative of -y**5/60 + 2*y**4/3 + 10*y**3/3 + 35*y**2. Let i = 24 + -13. What are the prime factors of x(i)?
3, 5
Let g(i) = -i - 59. Let y(m) = 29. Let k(u) = 3*g(u) + 7*y(u). Let f be k(-12). Suppose -8*d + 342 = f. What are the prime factors of d?
5, 7
Let k be 3772608/2400 - (-4)/50. Let f(v) = -v. Let t be f(-6). Suppose -t*q = -0*q - k. List the prime factors of q.
2, 131
Suppose 5*p - 29256 = 23124. List the prime factors of p.
2, 3, 97
Suppose 2*r + 26 = -2*c, 4*c + r = -0*r - 58. Let k be ((-4)/((-36)/c))/((-2)/(-6)). What are the prime factors of 1/k - (-5)/(50/1122)?
2, 7
Suppose -21348 + 50996 + 61617 = 5*d. What are the prime factors of d?
18253
Suppose q = -6, 619*f - 624*f + 2*q = -37277. What are the prime factors of f?
29, 257
Let p(f) = -280*f + 120. Let u be p(4). Let o = u + 1795. List the prime factors of o.
3, 5, 53
Let s(u) = 4*u**3 + 6*u**2 - 13*u - 31. Let m(w) = 5*w**3 + 6*w**2 - 14*w - 30. Let o(y) = 3*m(y) - 4*s(y). List the prime factors of o(-10).
2, 167
Let m(r) = -r**3 - 12*r**2 + 15*r + 30. Let p be m(-13). Suppose 5*t = -o - 9 + p, -3*t = o + 5. Suppose t*l = -9*l + 657. What are the prime factors of l?
73
Let x(z) = z**3 - 14*z**2 + z - 14. Let m be x(14). Suppose 5*l = 2*h + 3*h + 10, -l - 4*h + 22 = m. List the prime factors of 1102/l - (-32)/(-48).
3, 61
Suppose -29 = -38*q - 333. Let t(n) = -10*n**2 - 96*n + 5. What are the prime factors of t(q)?
7, 19
Suppose 18 = 130*m - 128*m. List the prime factors of (-43)/(-10)*-12*(-30)/m.
2, 43
Let k(h) = 4*h**3 - 9*h**2 - 14*h - 12. Let r be k(7). Let w = -49 + r. What are the prime factors of w?
2, 193
Let n = 237 + 1509. Suppose -n = 15*p - 18*p. List the prime factors of p.
2, 3, 97
Let o(b) = -b**3 - 2*b**2 - 5*b. Suppose -1 - 7 = 2*a. Let z be o(a). Suppose 4*v - 268 = z. List the prime factors of v.
2, 5
Suppose 33283 = 2*q + 3*w, -103*w + 104*w - 66581 = -4*q. List the prime factors of q.
2, 7, 29, 41
Suppose 2*t = -3*y - 11, -2*y + 15 = -5*y - 3*t. Let c be (4 - 8) + -50 + y + 1. Let u = 118 + c. List the prime factors of u.
2
Suppose 5*g - 5*d = 65815, -g + 3*d = -6195 - 6964. List the prime factors of g.
5, 2633
Let u(s) = -s**3 - 6*s**2 - 4*s + 12. Let o(p) = -3*p - 5. Let y be o(-3). Suppose 3*l + 1 = 5*b - 17, y*l + b + 24 = 0. List the prime factors of u(l).
2, 3
Suppose -5*t = 15, -t = -q - 2*t - 1. Suppose 2*m + 0*m - 2*z - 804 = 0, 0 = -q*m + 3*z + 802. List the prime factors of m.
2, 101
Let n = 30114 + -12051. What are the prime factors of n?
3, 223
Suppose -15 = 3*j, 5*j = 5*t + j - 35. Let m be ((-4 - 0) + t)*(-5)/(-1). What are the prime factors of m/2*(-528)/40?
3, 11
Suppose -5*r = -5*j - 48285, -r + 6864 = -5*j - 2797. What are the prime factors of r?
2, 17, 71
Let z = 431 + 75. Suppose 3*m - 3*a - 46 = z, -196 = -m + 4*a. What are the prime factors of m?
2, 3, 5
Let j be (344/40 + -9)*4855/(-1). Suppose n - 2*h - 971 = 0, -13*n + 15*n - j = -5*h. List the prime factors of n.
971
List the prime factors of 40988/12 - (-115)/(-69).
2, 3, 569
Suppose 1172 + 907 = 7*p. Let l = 10 - 5. Suppose -l*s + p = 6*s. What are the prime factors of s?
3
Let g(w) = 2*w**3 - 20*w**2 + 18*w - 670. List the prime factors of g(25).
2, 5, 17, 109
Let w = -170 - -169. List the prime factors of 0 + 0 + (w - 2) - -230.
227
Suppose 0 = 4*c + 4*o - 24, -c + 5 + 10 = -2*o. Suppose 19*p = c*p + 40. Suppose 2*n - f - 297 = 0, 0*n - p*n + 615 = 5*f. What are the prime factors of n?
2, 3, 5
Suppose -453*u + 20562693 = -11508801. What are the prime factors of u?
2, 7, 13, 389
Suppose 46*n + 261*n = -157778 + 1483404. List the prime factors of n.
2, 17, 127
Let j(v) = -v**3 + 36*v**2 + 36*v + 121. Let b(i) = -i**2 + 3*i - 1. Let t(q) = -b(q) - j(q). List the prime factors of t(37).
5, 47
Suppose -4342 = -0*q + 5*q - j, -5*j + 4350 = -5*q. Suppose -2*x - 1 = 5*v, 0*x - 2*x + v + 5 = 0. List the prime factors of (x/(-4))/(((-26)/q)/(-13)).
7, 31
Suppose 2*k = 3*x + 1 + 1, -5*k = 4*x - 28. Let n(z) = -14 - x*z + 0 - 7*z. List the prime factors of n(-9).
67
Suppose -72992 = 142*a - 174*a. What are the prime factors of a?
2281
Suppose 0 = -2*s + 3*g + 1218, 0 = 4*s + 4*g - 7*g - 2442. Suppose s + 804 = 2*d - 4*j, -2*j + 2872 = 4*d. What are the prime factors of d?
2, 179
Let x(q) = 2*q**2 - 17*q + 31. Let f be x(5). List the prime factors of 18/f*-148*(-1)/(-3).
2, 3, 37
List the prime factors of 389776/7 - (-1800)/1050.
2, 13921
Suppose 222*s - 153002 = 88902 + 95980. What are the prime factors of s?
2, 761
Suppose 3*x + 2*x + 270 = 0. Let c = x - -12. Let m = -12 - c. What are the prime factors of m?
2, 3, 5
Let k(f) = 15*f**3 - f + 2. Let a be (9/(-45))/((-1)/5). Let x be k(a). List the prime factors of 5/40 + 46/x.
3
List the prime factors of (-3 + -9)/4*45070/(-30).
4507
Suppose s - 175 = -5*u, 3*u - 985 = -9*s + 4*s. Let b be 4/(3 - 2) - 0. Suppose -n + s = 2*c, -b*n - 4*c + 394 = -422. List the prime factors of n.
2, 13
Let n(f) = 4*f**3 + f**2 - f + 13. Let r be ((-45)/20)/((-12)/(-64)). Let l = r + 12. List the prime factors of n(l).
13
Suppose -5*u + 281555 = -2*r - 47715, -2*u - 4*r + 131684 = 0. List the prime factors of u.
2, 101, 163
Suppose 0 = 124*l - 121*l - y - 10897, 2*l = -y + 7268. List the prime factors of l.
3, 7, 173
Let p(g) = 2*g - 44. Let k be p(22). Suppose -3*q + 113 = 4*h, -3*q + h + 4*h + 149 = k. List the prime factors of q*(-2 - -1)*-2.
2, 43
Let g = -29 - -34. Suppose g*l = 6*l - 2. Suppose 131 + l = 7*f. What are the prime factors of f?
19
Let h(s) be the first derivative of s**4/4 + s**3/3 + 5*s**2 - 9*s + 141. List the prime factors of h(5).
191
Let i(k) = 3*k**2 + 2*k - 13. Let l be ((-18)/(-4))/(1/((-4)/(-3))). Let j be i(l). Let s = -58 + j. List the prime factors of s.
7
Suppose -3*x + 3*y = 15, -7*x + 7 = -6*x + 5*y. What are the prime factors of x/24 + (-2 - 10564/(-32))?
2, 41
Let h(j) = 200*j - 13. Let 